72
What is -4244 (base 5) in base 11?
-482
Convert -11110 (base 2) to base 16.
-1e
Convert -383b (base 14) to base 12.
-5851
Convert -2900 (base 11) to base 6.
-25211
Convert 69 (base 13) to base 12.
73
-110011101110 (base 2) to base 14
-12c6
What is 111120100 (base 3) in base 11?
7482
214005 (base 7) to base 16
9210
What is 22a (base 14) in base 5?
3210
What is 162a (base 14) in base 3?
12102121
-1235 (base 6) to base 3
-102112
Convert 2119 (base 10) to base 11.
1657
Convert -257 (base 9) to base 13.
-136
167 (base 16) to base 5
2414
4a5 (base 13) to base 16
32b
Convert 2cb1 (base 16) to base 5.
331231
-163 (base 11) to base 15
-ca
Convert -1024411 (base 5) to base 11.
-12152
Convert -1406 (base 12) to base 9.
-3146
Convert 53c2 (base 13) to base 16.
2d82
What is b0f (base 16) in base 5?
42311
What is 5 (base 12) in base 15?
5
-3212 (base 4) to base 7
-446
What is e1e (base 16) in base 15?
110e
Convert -2000111 (base 4) to base 3.
-102021012
Convert -4665 (base 7) to base 10.
-1713
What is 10112211 (base 3) in base 10?
2587
What is 14215 (base 9) in base 8?
22665
Convert 10010010001001 (base 2) to base 5.
244403
What is -8865 (base 12) in base 15?
-46d8
What is 801 (base 12) in base 8?
2201
-1023341 (base 5) to base 4
-10033002
Convert -1061 (base 12) to base 10.
-1801
What is -1022120 (base 4) in base 2?
-1001010011000
Convert -529 (base 15) to base 4.
-102030
What is -6a60 (base 13) in base 10?
-14950
-3660 (base 10) to base 14
-1496
What is -1201 (base 5) in base 2?
-10110000
Convert 210002102 (base 3) to base 11.
10607
76 (base 12) to base 5
330
Convert -13102 (base 4) to base 10.
-466
What is 4231033 (base 5) in base 8?
212160
Convert -47336 (base 9) to base 8.
-75607
Convert -2111202221 (base 3) to base 8.
-140400
What is 397 (base 15) in base 7?
2245
Convert -100220 (base 3) to base 15.
-12c
11823 (base 9) to base 8
17427
What is 680 (base 11) in base 8?
1456
Convert -1c263 (base 14) to base 4.
-101202033
-264 (base 13) to base 7
-1140
Convert -c872 (base 14) to base 6.
-424100
-102212110 (base 3) to base 16
-21cc
Convert 12751 (base 8) to base 11.
423a
Convert -24240 (base 6) to base 11.
-273a
10010100110 (base 2) to base 12
832
What is 33131 (base 5) in base 11?
17a3
Convert 2517 (base 9) to base 14.
983
Convert -be (base 16) to base 14.
-d8
Convert 6a0 (base 11) to base 8.
1504
What is 1001111221 (base 3) in base 5?
1131123
What is 1024 (base 12) in base 14?
8d6
What is 200003 (base 4) in base 13?
c1a
-11102211200 (base 3) to base 8
-252503
-14b67 (base 14) to base 8
-144667
What is 61645 (base 8) in base 13?
b7c3
b475 (base 12) to base 11
13865
Convert -1404 (base 7) to base 3.
-202010
1001111011 (base 2) to base 6
2535
9052 (base 13) to base 16
4d80
-1482 (base 9) to base 10
-1127
Convert -11001220 (base 3) to base 2.
-101110010111
Convert -4171 (base 13) to base 9.
-13364
Convert -5240 (base 6) to base 16.
-498
-1055 (base 10) to base 15
-4a5
-2101222 (base 3) to base 10
-1754
4449 (base 10) to base 6
32333
-a844 (base 14) to base 15
-892d
What is -624 (base 10) in base 3?
-212010
What is 331c (base 15) in base 11?
8153
What is 8e7 (base 15) in base 8?
3741
Convert 2220 (base 5) to base 2.
100110110
130101 (base 4) to base 13
a92
What is -11010111110 (base 2) in base 15?
-7a1
Convert 405 (base 11) to base 3.
200010
What is 425132 (base 6) in base 12?
181a8
Convert 11331 (base 5) to base 3.
1011011
Convert 5105 (base 11) to base 15.
2021
30117 (base 10) to base 4
13112211
ba33 (base 13) to base 4
12110223
What is 26154 (base 7) in base 9?
10470
What is 5b81 (base 15) in base 6?
230051
Convert 2313 (base 4) to base 6.
503
What is 6422 (base 13) in base 14?
50bc
What is 54460 (base 7) in base 3?
200200021
-1310 (base 16) to base 10
-4880
925 (base 12) to base 13
7ac
-33a (base 14) to base 13
-3a3
Convert 3331 (base 4) to base 2.
11111101
What is -312323 (base 5) in base 14?
-3aa6
4a12 (base 15) to base 6
200555
Convert 1821 (base 9) to base 5.
21041
What is 142 (base 14) in base 4?
3332
Convert -3016 (base 7) to base 9.
-1377
What is -11433 (base 8) in base 6?
-34351
What is 9eed (base 16) in base 9?
61725
Convert 100101110 (base 2) to base 10.
302
Convert -302 (base 5) to base 4.
-1031
10101000001010 (base 2) to base 6
121454
What is -79 (base 10) in base 14?
-59
What is -1202202221 (base 3) in base 11?
-24192
Convert 236 (base 13) to base 12.
27b
Convert 151501 (base 6) to base 12.
8591
Convert -21a6 (base 11) to base 8.
-5523
Convert 1116 (base 7) to base 16.
195
-183 (base 11) to base 9
-255
What is -14b2 (base 12) in base 7?
-10052
Convert 3221213 (base 4) to base 15.
466b
-11871 (base 9) to base 4
-1331002
What is 1101111100 (base 2) in base 14?
47a
What is 11101101010111 (base 2) in base 15?
477b
-10422 (base 6) to base 16
-5ae
What is 123 (base 14) in base 11?
197
What is 7215 (base 9) in base 8?
12237
4711 (base 12) to base 6
100421
Convert -7013 (base 10) to base 4.
-1231211
Convert 11020212 (base 3) to base 8.
6035
Convert -11101100101 (base 2) to base 4.
-131211
-5706 (base 8) to base 3
-11010122
-123 (base 13) to base 6
-530
177b (base 13) to base 2
110110011010
1230411 (base 5) to base 11
16a18
-277c (base 15) to base 9
-12520
Convert 82c (base 13) to base 10.
1390
-18590 (base 13) to base 12
-2330b
-2d6 (base 16) to base 4
-23112
Convert -20012 (base 6) to base 5.
-40400
What is 12004 (base 5) in base 4?
31233
16373 (base 9) to base 16
2bec
What is 100002 (base 4) in base 11?
853
105534 (base 8) to base 13
13314
Convert -72 (base 11) to base 14.
-59
-2773 (base 9) to base 11
-1631
6753 (base 16) to base 3
1100021200
Convert 10a9 (base 16) to base 12.
2575
What is -726 (base 15) in base 13?
-96c
What is 1231 (base 5) in base 6?
515
What is 9c77 (base 13) in base 10?
21899
Convert -52100 (base 9) to base 7.
-202062
-1221 (base 7) to base 6
-2040
What is -443 (base 13) in base 12?
-50b
Convert -20e (base 15) to base 10.
-464
What is 13518 (base 10) in base 8?
32316
361 (base 13) to base 7
1465
-a0 (base 16) to base 6
-424
What is 210 (base 11) in base 4?
3331
-202101011 (base 3) to base 11
-10184
What is -102226 (base 8) in base 14?
-c526
-444 (base 13) to base 5
-10412
Convert -342 (base 12) to base 15.
-222
-44316 (base 8) to base 12
-a952
Convert -9a7 (base 11) to base 14.
-622
225 (base 12) to base 5
2232
Convert -15077 (base 8) to base 10.
-6719
What is 1101 (base 2) in base 5?
23
Convert -10021022120 (base 3) to base 15.
-14123
2866 (base 11) to base 4
321312
What is 2220202 (base 3) in base 4?
201032
Convert 11112 (base 5) to base 13.
482
839 (base 13) to base 12
988
Convert -10010011110111100 (base 2) to base 9.
-124760
What is -6926 (base 12) in base 16?
-2dae
Convert -1100100111 (base 2) to base 12.
-573
Convert -16914 (base 10) to base 2.
-100001000010010
-1ab70 (base 12) to base 7
-223461
What is 10100100001 (base 2) in base 9?
1718
What is 5ea (base 16) in base 5?
22024
10455 (base 10) to base 5
313310
-1084 (base 13) to base 15
-a3a
What is 1630 (base 12) in base 4?
221010
8c67 (base 14) to base 7
131060
What is 3210 (base 5) in base 7?
1153
Convert -762 (base 10) to base 9.
-1036
What is 12210 (base 4) in base 5?
3140
Convert -3579 (base 10) to base 13.
-1824
What is -13377 (base 12) in base 2?
-110011101001011
What is 182 (base 9) in base 11?
131
What is -1110000111 (base 2) in base 8?
-1607
Convert 1a4 (base 12) to base 9.
327
-1022132 (base 5) to base 2
-100001100001111
Convert -3703 (base 10) to base 4.
-321313
492a (base 14) to base 13
5a7c
What is 430031 (base 5) in base 12?
83b3
-101121111 (base 3) to base 5
-221420
Convert 2250 (base 8) to base 6.
5304
Convert 258 (base 12) to base 15.
18b
1320311 (base 4) to base 7
31355
What is 7a15 (base 11) in base 7?
42511
What is 1236 (base 7) in base 11?
396
What is -1021022 (base 3) in base 7?
-2462
-2304 (base 9) to base 5
-23310
-3705 (base 14) to base 10
-9609
-292 (base 11) to base 13
-205
What is -2002103 (base 5) in base 8?
-75450
236 (base 11) to base 2
100011001
-2a33 (base 15) to base 7
-35244
18a72 (base 13) to base 14
1366c
552 (base 8) to base 9
442
What is -2333 (base 9) in base 13?
-a32
Convert 2063 (base 9) to base 4.
113223
104413 (base 7) to base 15
56aa
Convert 974 (base 12) to base 5.
21014
Convert 15b (base 16) to base 11.
296
What 